{"id":364,"date":"2026-03-12T13:04:22","date_gmt":"2026-03-12T12:04:22","guid":{"rendered":"https:\/\/80lat.uken.krakow.pl\/?page_id=364"},"modified":"2026-05-08T11:03:55","modified_gmt":"2026-05-08T09:03:55","slug":"program","status":"publish","type":"page","link":"https:\/\/80lat.uken.krakow.pl\/index.php\/program\/","title":{"rendered":"program"},"content":{"rendered":"\n<h2 class=\"wp-block-heading has-color-1-color has-text-color has-link-color has-huge-font-size wp-elements-49d5daf949404ebf70136f9ebc63f9f4\" style=\"font-style:normal;font-weight:700;text-transform:uppercase\">Program jubileuszu<\/h2>\n\n\n\n<div class=\"wp-block-getwid-content-timeline is-animated\" data-animation=\"slideInBottom\" data-filling=\"true\"><div class=\"wp-block-getwid-content-timeline__line\"><div class=\"wp-block-getwid-content-timeline__bar has-background has-color-7-background-color\"><\/div><\/div><div class=\"wp-block-getwid-content-timeline__wrapper\">\n<div class=\"wp-block-getwid-content-timeline-item\"><div class=\"wp-block-getwid-content-timeline-item__wrapper\"><div class=\"wp-block-getwid-content-timeline-item__card has-background has-color-9-background-color\"><div class=\"wp-block-getwid-content-timeline-item__card-wrapper\"><div class=\"wp-block-getwid-content-timeline-item__content-wrapper\"><div class=\"wp-block-getwid-content-timeline-item__mobile-meta\"><p class=\"wp-block-getwid-content-timeline-item__meta-content\">10 maja<br><\/p><\/div>\n<h3 class=\"wp-block-heading\"><strong>Koncert jubileuszowy<\/strong><\/h3>\n\n\n\n<p><a href=\"https:\/\/80lat.uken.krakow.pl\/index.php\/2026\/04\/28\/koncert-jubileuszowy\/\" data-type=\"post\" data-id=\"605\">wi\u0119cej<\/a><\/p>\n<\/div><\/div><\/div><div class=\"wp-block-getwid-content-timeline-item__point\" data-point-color=\"#cfb488\"><div class=\"wp-block-getwid-content-timeline-item__point-content\"><\/div><\/div><div class=\"wp-block-getwid-content-timeline-item__meta\"><p class=\"wp-block-getwid-content-timeline-item__meta-content\">10 maja<br><\/p><\/div><\/div><\/div>\n\n\n\n<div class=\"wp-block-getwid-content-timeline-item\"><div class=\"wp-block-getwid-content-timeline-item__wrapper\"><div class=\"wp-block-getwid-content-timeline-item__card has-background has-color-9-background-color\"><div class=\"wp-block-getwid-content-timeline-item__card-wrapper\"><div class=\"wp-block-getwid-content-timeline-item__content-wrapper\"><div class=\"wp-block-getwid-content-timeline-item__mobile-meta\"><p class=\"wp-block-getwid-content-timeline-item__meta-content\">11 maja<\/p><\/div>\n<h3 class=\"wp-block-heading\"><strong>Msza \u015bwi\u0119ta <\/strong><br><strong>w intencji spo\u0142eczno\u015bci akademickiej<\/strong><\/h3>\n\n\n\n<p><a href=\"https:\/\/80lat.uken.krakow.pl\/index.php\/2026\/04\/26\/zaproszenie\/\" data-type=\"post\" data-id=\"1\">wi\u0119cej<\/a><\/p>\n<\/div><\/div><\/div><div class=\"wp-block-getwid-content-timeline-item__point\" data-point-color=\"#cfb488\"><div class=\"wp-block-getwid-content-timeline-item__point-content\"><\/div><\/div><div class=\"wp-block-getwid-content-timeline-item__meta\"><p class=\"wp-block-getwid-content-timeline-item__meta-content\">11 maja<\/p><\/div><\/div><\/div>\n\n\n\n<div class=\"wp-block-getwid-content-timeline-item\"><div class=\"wp-block-getwid-content-timeline-item__wrapper\"><div class=\"wp-block-getwid-content-timeline-item__card has-background has-color-9-background-color\"><div class=\"wp-block-getwid-content-timeline-item__card-wrapper\"><div class=\"wp-block-getwid-content-timeline-item__content-wrapper\"><div class=\"wp-block-getwid-content-timeline-item__mobile-meta\"><p class=\"wp-block-getwid-content-timeline-item__meta-content\">11 maja<\/p><\/div>\n<h3 class=\"wp-block-heading\"><strong>Uroczyste Posiedzenie Senatu<\/strong><\/h3>\n\n\n\n<p><a href=\"https:\/\/80lat.uken.krakow.pl\/index.php\/2026\/04\/26\/zaproszenie\/\" data-type=\"post\" data-id=\"1\">wi\u0119cej<\/a><\/p>\n<\/div><\/div><\/div><div class=\"wp-block-getwid-content-timeline-item__point\" data-point-color=\"#cfb488\"><div class=\"wp-block-getwid-content-timeline-item__point-content\"><\/div><\/div><div class=\"wp-block-getwid-content-timeline-item__meta\"><p class=\"wp-block-getwid-content-timeline-item__meta-content\">11 maja<\/p><\/div><\/div><\/div>\n\n\n\n<div class=\"wp-block-getwid-content-timeline-item\"><div class=\"wp-block-getwid-content-timeline-item__wrapper\"><div class=\"wp-block-getwid-content-timeline-item__card has-background has-color-9-background-color\"><div class=\"wp-block-getwid-content-timeline-item__card-wrapper\"><div class=\"wp-block-getwid-content-timeline-item__content-wrapper\"><div class=\"wp-block-getwid-content-timeline-item__mobile-meta\"><p class=\"wp-block-getwid-content-timeline-item__meta-content\">12 maja<\/p><\/div>\n<h3 class=\"wp-block-heading\">Wystawa \u201eDokumenty \u017bycia Spo\u0142ecznego ze zbior\u00f3w Biblioteki G\u0142\u00f3wnej UKEN i Archiwum UKEN\u201d<\/h3>\n\n\n\n<p><a href=\"https:\/\/80lat.uken.krakow.pl\/index.php\/2026\/04\/28\/wystawa-dokumenty-zycia-spolecznego-ze-zbiorow-biblioteki-glownej-uken-i-archiwum-uken\/\" data-type=\"post\" data-id=\"612\">wi\u0119cej<\/a><\/p>\n<\/div><\/div><\/div><div class=\"wp-block-getwid-content-timeline-item__point\" data-point-color=\"#cfb488\"><div class=\"wp-block-getwid-content-timeline-item__point-content\"><\/div><\/div><div class=\"wp-block-getwid-content-timeline-item__meta\"><p class=\"wp-block-getwid-content-timeline-item__meta-content\">12 maja<\/p><\/div><\/div><\/div>\n\n\n\n<div class=\"wp-block-getwid-content-timeline-item\"><div class=\"wp-block-getwid-content-timeline-item__wrapper\"><div class=\"wp-block-getwid-content-timeline-item__card has-background has-color-9-background-color\"><div class=\"wp-block-getwid-content-timeline-item__card-wrapper\"><div class=\"wp-block-getwid-content-timeline-item__content-wrapper\"><div class=\"wp-block-getwid-content-timeline-item__mobile-meta\"><p class=\"wp-block-getwid-content-timeline-item__meta-content\">15 maja<\/p><\/div>\n<h3 class=\"wp-block-heading\">Koncert jubileuszowy<\/h3>\n\n\n\n<p><a href=\"https:\/\/80lat.uken.krakow.pl\/index.php\/2026\/05\/08\/koncert-jubileuszowy-2\/\" data-type=\"post\" data-id=\"676\">wi\u0119cej<\/a><\/p>\n<\/div><\/div><\/div><div class=\"wp-block-getwid-content-timeline-item__point\" data-point-color=\"#cfb488\"><div class=\"wp-block-getwid-content-timeline-item__point-content\"><\/div><\/div><div class=\"wp-block-getwid-content-timeline-item__meta\"><p class=\"wp-block-getwid-content-timeline-item__meta-content\">15 maja<\/p><\/div><\/div><\/div>\n\n\n\n<div class=\"wp-block-getwid-content-timeline-item\"><div class=\"wp-block-getwid-content-timeline-item__wrapper\"><div class=\"wp-block-getwid-content-timeline-item__card has-background has-color-9-background-color\"><div class=\"wp-block-getwid-content-timeline-item__card-wrapper\"><div class=\"wp-block-getwid-content-timeline-item__content-wrapper\"><div class=\"wp-block-getwid-content-timeline-item__mobile-meta\"><p class=\"wp-block-getwid-content-timeline-item__meta-content\">13 maja<\/p><\/div>\n<h3 class=\"wp-block-heading\">Ponowne ods\u0142oni\u0119cie<br>tablicy upami\u0119tniaj\u0105cej<br>30-lecie Zjazdu Za\u0142o\u017cycielskiego<br>odrodzonego Zwi\u0105zku Sybirak\u00f3w w Krakowie<\/h3>\n\n\n\n<p><a href=\"https:\/\/80lat.uken.krakow.pl\/index.php\/2026\/04\/28\/uroczystosc-ponownego-odsloniecia-tablicy-upamietniajacej-30-lecie-zjazdu-zalozycielskiego-odrodzonego-zwiazku-sybirakow-w-krakowie\/\" data-type=\"post\" data-id=\"623\">wi\u0119cej<\/a><\/p>\n<\/div><\/div><\/div><div class=\"wp-block-getwid-content-timeline-item__point\" data-point-color=\"#cfb488\"><div class=\"wp-block-getwid-content-timeline-item__point-content\"><\/div><\/div><div class=\"wp-block-getwid-content-timeline-item__meta\"><p class=\"wp-block-getwid-content-timeline-item__meta-content\">13 maja<\/p><\/div><\/div><\/div>\n\n\n\n<div class=\"wp-block-getwid-content-timeline-item\"><div class=\"wp-block-getwid-content-timeline-item__wrapper\"><div class=\"wp-block-getwid-content-timeline-item__card has-background has-color-9-background-color\"><div class=\"wp-block-getwid-content-timeline-item__card-wrapper\"><div class=\"wp-block-getwid-content-timeline-item__content-wrapper\"><div class=\"wp-block-getwid-content-timeline-item__mobile-meta\"><p class=\"wp-block-getwid-content-timeline-item__meta-content\">15 maja<\/p><\/div>\n<h3 class=\"wp-block-heading\">Jubileuszowy Turniej Pi\u0142ki Siatkowej<\/h3>\n\n\n\n<p><a href=\"https:\/\/80lat.uken.krakow.pl\/index.php\/2026\/04\/30\/jubileuszowy-turniej-pilki-siatkowej-z-okazji-80-lecia-powstania-uniwersytetu-komisji-edukacji-narodowej-w-krakowie\/\" data-type=\"post\" data-id=\"635\">wi\u0119cej<\/a><\/p>\n<\/div><\/div><\/div><div class=\"wp-block-getwid-content-timeline-item__point\" data-point-color=\"#cfb488\"><div class=\"wp-block-getwid-content-timeline-item__point-content\"><\/div><\/div><div class=\"wp-block-getwid-content-timeline-item__meta\"><p class=\"wp-block-getwid-content-timeline-item__meta-content\">15 maja<\/p><\/div><\/div><\/div>\n\n\n\n<div class=\"wp-block-getwid-content-timeline-item\"><div class=\"wp-block-getwid-content-timeline-item__wrapper\"><div class=\"wp-block-getwid-content-timeline-item__card has-background has-color-9-background-color\"><div class=\"wp-block-getwid-content-timeline-item__card-wrapper\"><div class=\"wp-block-getwid-content-timeline-item__content-wrapper\"><div class=\"wp-block-getwid-content-timeline-item__mobile-meta\"><p class=\"wp-block-getwid-content-timeline-item__meta-content\">26 maja<\/p><\/div>\n<h3 class=\"wp-block-heading\">IV Konferencja Uczni\u00f3w szk\u00f3\u0142 \u015brednich \u201eUniwersytecki Inkubator Przyrodniczy 2026\u201d<\/h3>\n\n\n\n<p><a href=\"https:\/\/80lat.uken.krakow.pl\/index.php\/2026\/04\/26\/iv-konferencja-uczniow-szkol-srednich-uniwersytecki-inkubator-przyrodniczy-2026\/\" data-type=\"post\" data-id=\"552\">wi\u0119cej<\/a><\/p>\n<\/div><\/div><\/div><div class=\"wp-block-getwid-content-timeline-item__point\" data-point-color=\"#cfb488\"><div class=\"wp-block-getwid-content-timeline-item__point-content\"><\/div><\/div><div class=\"wp-block-getwid-content-timeline-item__meta\"><p class=\"wp-block-getwid-content-timeline-item__meta-content\">26 maja<\/p><\/div><\/div><\/div>\n\n\n\n<div class=\"wp-block-getwid-content-timeline-item\"><div class=\"wp-block-getwid-content-timeline-item__wrapper\"><div class=\"wp-block-getwid-content-timeline-item__card has-background has-color-9-background-color\"><div class=\"wp-block-getwid-content-timeline-item__card-wrapper\"><div class=\"wp-block-getwid-content-timeline-item__content-wrapper\"><div class=\"wp-block-getwid-content-timeline-item__mobile-meta\"><p class=\"wp-block-getwid-content-timeline-item__meta-content\">28\u201329 maja<\/p><\/div>\n<h3 class=\"wp-block-heading\">JUKENalia<\/h3>\n\n\n\n<p><a href=\"https:\/\/80lat.uken.krakow.pl\/index.php\/2026\/05\/08\/jukenalia\/\" data-type=\"post\" data-id=\"682\">wi\u0119cej<\/a><\/p>\n<\/div><\/div><\/div><div class=\"wp-block-getwid-content-timeline-item__point\" data-point-color=\"#cfb488\"><div class=\"wp-block-getwid-content-timeline-item__point-content\"><\/div><\/div><div class=\"wp-block-getwid-content-timeline-item__meta\"><p class=\"wp-block-getwid-content-timeline-item__meta-content\">28\u201329 maja<\/p><\/div><\/div><\/div>\n\n\n\n<div class=\"wp-block-getwid-content-timeline-item\"><div class=\"wp-block-getwid-content-timeline-item__wrapper\"><div class=\"wp-block-getwid-content-timeline-item__card has-background has-color-9-background-color\"><div class=\"wp-block-getwid-content-timeline-item__card-wrapper\"><div class=\"wp-block-getwid-content-timeline-item__content-wrapper\"><div class=\"wp-block-getwid-content-timeline-item__mobile-meta\"><p class=\"wp-block-getwid-content-timeline-item__meta-content\">15\u201316 czerwca<\/p><\/div>\n<h3 class=\"wp-block-heading\">13. Publiczna Sesja Sprawozdawcza Doktorant\u00f3w Szko\u0142y Doktorskiej UKEN<\/h3>\n\n\n\n<p><a href=\"https:\/\/80lat.uken.krakow.pl\/index.php\/2026\/04\/26\/573\/\" data-type=\"post\" data-id=\"573\">wi\u0119cej<\/a><\/p>\n<\/div><\/div><\/div><div class=\"wp-block-getwid-content-timeline-item__point\" data-point-color=\"#cfb488\"><div class=\"wp-block-getwid-content-timeline-item__point-content\"><\/div><\/div><div class=\"wp-block-getwid-content-timeline-item__meta\"><p class=\"wp-block-getwid-content-timeline-item__meta-content\">15\u201316 czerwca<\/p><\/div><\/div><\/div>\n<\/div><\/div>\n\n\n\n<p><\/p>\n","protected":false},"excerpt":{"rendered":"<p>Program jubileuszu<\/p>\n","protected":false},"author":2,"featured_media":0,"parent":0,"menu_order":0,"comment_status":"closed","ping_status":"closed","template":"","meta":{"inline_featured_image":false,"footnotes":""},"class_list":["post-364","page","type-page","status-publish","hentry"],"_links":{"self":[{"href":"https:\/\/80lat.uken.krakow.pl\/index.php\/wp-json\/wp\/v2\/pages\/364","targetHints":{"allow":["GET"]}}],"collection":[{"href":"https:\/\/80lat.uken.krakow.pl\/index.php\/wp-json\/wp\/v2\/pages"}],"about":[{"href":"https:\/\/80lat.uken.krakow.pl\/index.php\/wp-json\/wp\/v2\/types\/page"}],"author":[{"embeddable":true,"href":"https:\/\/80lat.uken.krakow.pl\/index.php\/wp-json\/wp\/v2\/users\/2"}],"replies":[{"embeddable":true,"href":"https:\/\/80lat.uken.krakow.pl\/index.php\/wp-json\/wp\/v2\/comments?post=364"}],"version-history":[{"count":32,"href":"https:\/\/80lat.uken.krakow.pl\/index.php\/wp-json\/wp\/v2\/pages\/364\/revisions"}],"predecessor-version":[{"id":685,"href":"https:\/\/80lat.uken.krakow.pl\/index.php\/wp-json\/wp\/v2\/pages\/364\/revisions\/685"}],"wp:attachment":[{"href":"https:\/\/80lat.uken.krakow.pl\/index.php\/wp-json\/wp\/v2\/media?parent=364"}],"curies":[{"name":"wp","href":"https:\/\/api.w.org\/{rel}","templated":true}]}}